07 + -3035. Calculate the remainder when 617 is divided by f.
101
Suppose 0 = -4*y - j + 6062 - 6025, -2*j + 11 = -y. Let o(a) = -5*a**2 + 4*a**3 - 2 + 3*a + 3*a**2 - 1. Calculate the remainder when o(2) is divided by y.
6
What is the remainder when 413 is divided by (12 - 384/(-16))/((-4)/(-9))?
8
Suppose 0 = -5*p - 3*v + 267, 3*p + v - 53 = 2*p. Let l = 63 - 78. Let i(a) = 2*a**3 + 32*a**2 + 31*a + 34. What is the remainder when p is divided by i(l)?
16
Let u = -1001 - -1148. What is the remainder when 725 is divided by u?
137
Let x(i) = 3*i**2 - 14*i - 27. Let c be x(6). What is the remainder when 67 is divided by (-28)/(-8) + c/(-6)?
3
Calculate the remainder when (7317/(-3))/(((-11)/(-55))/((-14)/105)) is divided by 806.
14
Suppose s = -k + 1886 - 1408, -2 = -2*k. What is the remainder when s is divided by 94?
7
Suppose -m + 30 = 3*z, m - 52 = 171*z - 176*z. Let g be -15 - -6*(-1)/(-2). Let r = 74 + g. Calculate the remainder when r is divided by z.
7
Let y be -5 + 1*3/(-5)*-20. What is the remainder when (-107 - 3)/(y/(-14)*4) is divided by 7?
6
Let b = -29 + 35. Suppose 0 = -2*x + x + 44. Let c = 58 - x. Calculate the remainder when c is divided by b.
2
Suppose -j - 3*j = -5*p + 5226, -3*p - 2*j + 3118 = 0. What is the remainder when 1049 is divided by p?
7
Let w(k) = 321*k**2 - 13*k - 66. Calculate the remainder when w(-4) is divided by 21.
19
Let r = 6786 + -6579. What is the remainder when 767 is divided by r?
146
What is the remainder when -962*4/(-8) - (-15)/60*-4 is divided by 188?
104
Suppose -4*m = 2*t - 158, -4*t - 30*m = -25*m - 298. Calculate the remainder when t is divided by 28.
11
What is the remainder when 9 - 1935/(-30)*66 is divided by 44?
42
Suppose 172*l + 16 = 2*w + 171*l, 5*l = -10. Calculate the remainder when 67 is divided by w.
4
Let m = 81946 - 81885. Let r(a) = -185*a**3 + 2*a**2 + a. Calculate the remainder when r(-1) is divided by m.
3
Let i(w) = -11*w + 1057. Suppose -5*l = -5*p + 20, -l + 3*l - p = -9. Let u(y) = y**2 - 3*y - 9. What is the remainder when u(l) is divided by i(95)?
7
Suppose -7*u + 3339 = 665. Let h = 433 - u. What is the remainder when 302 is divided by h?
47
Let i = 217 + -155. What is the remainder when (5 - 34)/(2/34*-1) is divided by i?
59
Let k(q) = -9*q**2 - 81*q - 51. Calculate the remainder when 877 is divided by k(-8).
16
Suppose 4*s + 4*p - 56 = 0, 4*s + 3*p + 33 = 6*s. Suppose 451*q - 1370 = 2689. What is the remainder when s is divided by q?
6
Let f = 39 - 24. Let i(g) = -66*g - 12. Let k be i(-1). Suppose 34*b - 25*b = k. What is the remainder when f is divided by b?
3
Suppose -3*i + 0*n + 971 = -5*n, 0 = -3*n - 12. Calculate the remainder when i is divided by 19.
13
Suppose 5*n - 1902 = -422. Suppose 3*c = 4*m - n, 4*c = -10 - 6. What is the remainder when m is divided by 44?
27
Let l(z) = z. Let o(c) = c**2 + 17*c - 4. Let j(t) = -2*l(t) - o(t). Let s be j(-19). What is the remainder when s*-1 - (-116)/1 is divided by 38?
36
Let b(a) = 13*a + 1 - 8*a + 100*a**2 - 3*a. What is the remainder when b(1) is divided by 54?
49
Suppose i = -5*q + 19 + 11, -q = -i. Suppose -4*b = -q*b + 20. Calculate the remainder when 35 is divided by b.
15
Suppose -3110 = -j - 3103. Calculate the remainder when 1201 is divided by j.
4
Let b = -9867 - -9892. What is the remainder when 300 is divided by b?
0
Suppose 6*j - 4*j = -8, 3*j = 4*f - 1136. Calculate the remainder when f is divided by 73.
62
Suppose -74*z = -65*z - 107 - 352. Calculate the remainder when 88 is divided by z.
37
Suppose 16*v - 6084 + 916 = 0. What is the remainder when v is divided by 6?
5
Let j = 83 - 66. Suppose 0 = 12*u + 3*u - 180. What is the remainder when j is divided by u?
5
Suppose 3*v = 4*f - 35 - 53, -22 = -f + 3*v. Suppose 0 = r - 4*w + 30, 3*r + 0*r - w + 46 = 0. Let i = r - -79. Calculate the remainder when i is divided by f.
21
Let m = -8828 + 9147. Calculate the remainder when 642 is divided by m.
4
Suppose -23*b - 2*s = -18*b - 21, -4*s - 33 = -5*b. Suppose -3*o + 250 + 138 = 2*d, -4*d + b*o = -798. Calculate the remainder when d is divided by 18.
17
Suppose 5*a + 4*x - 84 = 9, 0 = a + 5*x - 27. Let s = a - 11. What is the remainder when (11 - 23)*((-16)/s - -2) is divided by 4?
0
Let i(p) = 212*p - 1176. Calculate the remainder when 274 is divided by i(6).
82
Let d(w) = -249*w**3 + 247*w**3 - 5*w**2 - 3*w**2 - 12*w - 44 - w**2. What is the remainder when d(-6) is divided by 28?
24
Let d = -408 - -854. Let k = d - 388. What is the remainder when k is divided by 30?
28
Suppose -233*r = -174*r - 10915. Calculate the remainder when r is divided by 20.
5
Let c(q) = q**3 - 5*q**2 + 13*q - 15. Calculate the remainder when c(7) is divided by 64.
46
Let g = 369 - 350. What is the remainder when g is divided by (1 - 9)*(4 - (-102)/(-24))?
1
Let m be (2 + -2 + (-5 - -5))/2. Suppose -18*t - 4*t + 902 = m. What is the remainder when 198 is divided by t?
34
Let z(y) = 10*y - 2. Let s = 627 + -642. Calculate the remainder when s/(-3) - (2 + -9 + -20) is divided by z(2).
14
Suppose 5*n - 1018 = 3*c, 3*n + 13 - 1 = 0. Let m = -341 - c. Calculate the remainder when 22 is divided by m.
2
Suppose 3*j = 4*n + 27, 4*j + 13*n - 29 = 16*n. Calculate the remainder when 67 is divided by (-100*j/10)/(-1).
17
Suppose -5*l + 3*z + 33 = -2, 0 = 5*l - 4*z - 40. Suppose 4*x = 16, l*k - 344 = 3*x + 40. Calculate the remainder when k is divided by 30.
9
Calculate the remainder when (-1406)/(-666)*(337 - 4) is divided by 212.
67
Let c(v) = -83 + 28*v + 18*v**2 + 0*v**2 + 19*v**2 - 6 + v**3 - 5*v**2. What is the remainder when 22 is divided by c(-31)?
2
Suppose 217*g + 10073 = 252462. What is the remainder when g is divided by 19?
15
Let r(i) = 2*i**2 + i - 3. Let j(y) = -y**3 - 5*y**2 + y + 5. Suppose -2*f + a = 16, 4 = a - 0. Calculate the remainder when j(f) is divided by r(-3).
11
Suppose 103*z - 2250 = 58*z. What is the remainder when 1049 is divided by z?
49
Suppose -3*y - 1 = -q, -5*q - 3*y = -2 - 3. Let u = -51 - -60. What is the remainder when u is divided by (-2)/((q + 0)*-1)?
1
Suppose 22*d = 27*d - 35. Suppose -3*x - 30 = -8*x. Calculate the remainder when x is divided by d - 2 - (6/(-6) - -2).
2
Let u(k) = 154*k**2 - 39*k - 40. What is the remainder when u(-1) is divided by 32?
25
Calculate the remainder when (1 - 129)/16 - (-709 - 1) is divided by 3.
0
Let v = 23491 - 23358. What is the remainder when 552 is divided by v?
20
Let l = -1110 + 1211. Calculate the remainder when 154 is divided by l.
53
Let i(u) = u**3 + 38*u**2 - 85*u - 189. What is the remainder when i(-37) is divided by 1080?
5
Let m(a) = -a + 7. Let l be m(4). Suppose -l*o + 6 = 0, -8*b + o = -4*b - 6. What is the remainder when (((-148)/(-5))/b)/((-1)/(-5)) is divided by 13?
9
Calculate the remainder when 3354 is divided by ((-4)/6)/((-144)/2376).
10
Let h(f) = -f**2 - 19*f + 250. Let u be h(-28). What is the remainder when 270 is divided by (-67)/u - 40/(-80)?
32
Let c(f) = 2*f**3 + 25*f**2 + 20*f + 9243. What is the remainder when c(0) is divided by 23?
20
Let q = 11886 + -11834. Calculate the remainder when 775 is divided by q.
47
Suppose -3*w = -4*m - m + 353, m = 5*w + 53. Calculate the remainder when 25037 is divided by m.
71
Suppose 0 = -13*m - 0*m + 3471. Calculate the remainder when 3*m/9 - 7 is divided by 11.
5
Suppose -3*k + 243 = -x + 40, x + 67 = k. Suppose 4*y - 4278 = -5*g + 1477, 4*g - 4*y - 4640 = 0. Calculate the remainder when g is divided by k.
67
Let d(f) be the first derivative of 49*f**3/3 + 5*f**2/2 + f + 59. Calculate the remainder when d(-1) is divided by 18.
9
Suppose k = -3*s - s + 359, 0 = -3*s + 9. Let q = -247 + k. Calculate the remainder when q is divided by 21.
16
Let j = 6820 + -6678. Let p be -6 + 3 - 6/2. Calculate the remainder when j is divided by (-192)/(-20) + p/10.
7
Suppose 31*z - 6344 = 23*z. Let n = 800 + z. Calculate the remainder when n is divided by 14.
11
Let t be 5 + 2*(-3)/6. Suppose 5*p = -4*n + 79, t*p - 2*p - 68 = -3*n. Calculate the remainder when (3/(-9)*-309)/(19/19) is divided by n.
25
Let v(z) = -z**2 + 15*z - 19. Calculate the remainder when v(12) is divided by 6.
5
Suppose 0 = 3*z - k - 51, -5*z + 62 + 33 = -5*k. Let d = -5 + 8. Suppose 2*b + 11 = 3, 62 = 5*s - d*b. Calculate the remainder when z is d